{"id":13,"date":"2018-11-13T14:16:13","date_gmt":"2018-11-13T14:16:13","guid":{"rendered":"http:\/\/www.muveszetesadminbiztonsag.hu\/?page_id=13"},"modified":"2024-07-24T07:30:47","modified_gmt":"2024-07-24T07:30:47","slug":"hirek","status":"publish","type":"page","link":"https:\/\/www.muveszetesadminbiztonsag.hu\/index.php\/tevekenysegek\/hirek\/","title":{"rendered":"H\u00edrek"},"content":{"rendered":"<h4><strong>Sajt\u00f3k\u00f6zlem\u00e9ny:<\/strong><\/h4>\n\n\n<div class=\"wp-block-file\"><a href=\"https:\/\/www.muveszetesadminbiztonsag.hu\/wp-content\/uploads\/2020\/02\/GINOP_534_00035_muv_admin_sajtokozlemeny_20191126.pdf\" class=\"wp-block-file__button\" download>Let\u00f6lt\u00e9s<\/a><\/div>\n\n\n<h4>\u00a0<\/h4>\n<h4><strong>Nyit\u00f3 sajt\u00f3t\u00e1j\u00e9koztat\u00f3 prezent\u00e1ci\u00f3:<\/strong><\/h4>\n\n\n<div class=\"wp-block-file\"><a href=\"https:\/\/www.muveszetesadminbiztonsag.hu\/wp-content\/uploads\/2020\/02\/GINOP_534_00035_muv_admin_ppt_20180807.pptx\" class=\"wp-block-file__button\" download>Let\u00f6lt\u00e9s<\/a><\/div>\n\n\n<h4>\u00a0<\/h4>\n<h4><strong>Sajt\u00f3nyilv\u00e1nos projektz\u00e1r\u00f3 rendezv\u00e9ny:<\/strong><\/h4>\n\n\n<div class=\"wp-block-file\"><a href=\"https:\/\/www.muveszetesadminbiztonsag.hu\/wp-content\/uploads\/2020\/02\/GINOP_534_00035_muv_admin_fotodok_20191126-1.pdf\" class=\"wp-block-file__button\" download>Let\u00f6lt\u00e9s<\/a><\/div>\n\n\n\n<p><\/p>\n ","protected":false},"excerpt":{"rendered":"<p>Sajt\u00f3k\u00f6zlem\u00e9ny: \u00a0 Nyit\u00f3 sajt\u00f3t\u00e1j\u00e9koztat\u00f3 prezent\u00e1ci\u00f3: \u00a0 Sajt\u00f3nyilv\u00e1nos projektz\u00e1r\u00f3 rendezv\u00e9ny:<\/p>\n","protected":false},"author":2,"featured_media":0,"parent":52,"menu_order":0,"comment_status":"closed","ping_status":"closed","template":"","meta":{"footnotes":""},"class_list":["post-13","page","type-page","status-publish","hentry"],"_links":{"self":[{"href":"https:\/\/www.muveszetesadminbiztonsag.hu\/index.php\/wp-json\/wp\/v2\/pages\/13","targetHints":{"allow":["GET"]}}],"collection":[{"href":"https:\/\/www.muveszetesadminbiztonsag.hu\/index.php\/wp-json\/wp\/v2\/pages"}],"about":[{"href":"https:\/\/www.muveszetesadminbiztonsag.hu\/index.php\/wp-json\/wp\/v2\/types\/page"}],"author":[{"embeddable":true,"href":"https:\/\/www.muveszetesadminbiztonsag.hu\/index.php\/wp-json\/wp\/v2\/users\/2"}],"replies":[{"embeddable":true,"href":"https:\/\/www.muveszetesadminbiztonsag.hu\/index.php\/wp-json\/wp\/v2\/comments?post=13"}],"version-history":[{"count":22,"href":"https:\/\/www.muveszetesadminbiztonsag.hu\/index.php\/wp-json\/wp\/v2\/pages\/13\/revisions"}],"predecessor-version":[{"id":545,"href":"https:\/\/www.muveszetesadminbiztonsag.hu\/index.php\/wp-json\/wp\/v2\/pages\/13\/revisions\/545"}],"up":[{"embeddable":true,"href":"https:\/\/www.muveszetesadminbiztonsag.hu\/index.php\/wp-json\/wp\/v2\/pages\/52"}],"wp:attachment":[{"href":"https:\/\/www.muveszetesadminbiztonsag.hu\/index.php\/wp-json\/wp\/v2\/media?parent=13"}],"curies":[{"name":"wp","href":"https:\/\/api.w.org\/{rel}","templated":true}]}}